) prime?
True
Is (72 + -65)*(-26)/(-2) a prime number?
False
Let t = -431 - -759. Suppose p + 3*p = t. Suppose 0 = m + 5*o - p, -m + 3*o = -25 - 33. Is m a prime number?
True
Let b(q) = -q - 3. Let o be b(-5). Is ((-1316)/6)/(o/(-3)) prime?
False
Let l(g) = 62*g**3 - 3*g**2 + 13*g + 17. Is l(9) composite?
True
Suppose -15 = 3*g - 3*p - 0, 0 = -p - 3. Let b be 12/g*(-2)/(-3). Is 4*b*(-1341)/36 a prime number?
True
Let z(o) = o**3 + 40*o**2 + 27*o + 71. Is z(-33) prime?
True
Let s = 21 + -17. Let l be s/(1 - -3) - 1. Suppose 4*w + 5*m - 66 - 1258 = l, -4*m = 5*w - 1646. Is w prime?
False
Let q(l) = 18*l - 101. Is q(24) a prime number?
True
Let u(h) = h - 4*h + 4 + 4 + 2*h. Let v be u(7). Is (-44)/4*(v + -14) a composite number?
True
Let z(y) = 27*y**2 + 3*y - 3. Let j be (-12)/(-18) - (-24)/(-9). Let m(b) = b**3 + 2*b**2 + 2. Let c be m(j). Is z(c) composite?
True
Suppose 8*b - 4*b - 20 = 0. Is 53*b/20*44 a prime number?
False
Let l(y) = 110*y**2 - 12*y + 13. Is l(10) a composite number?
True
Suppose 5*k + 5*w + 91 = 246, 5*w + 109 = 3*k. Let o = k - 10. Is o a composite number?
False
Let i = 53684 - 29887. Is i a composite number?
True
Let k be ((-11)/22)/(1/4). Let p = 20 + k. Is p/30 + (-844)/(-10) composite?
True
Let b = 107899 + -68022. Is b prime?
True
Suppose -14*c = -30*c + 41648. Is c a prime number?
False
Let m(z) = 4146*z + 3. Is m(5) a prime number?
False
Let r be ((-4)/(8/(-111)))/(3/4). Suppose -2*s + 77 = 3*b, 0*s + 5*b + 32 = s. Let y = r - s. Is y a composite number?
False
Let l = -292 + 1985. Is l composite?
False
Let k(z) be the second derivative of -93*z**5/20 - z**3/6 - z**2/2 + 2*z. Let x be 3/(-5) - 2/5. Is k(x) a prime number?
False
Let r(s) = 7*s**2 + 5*s**3 + 8 + 13*s + 2*s**2 - 3. Let c(f) = 11*f**3 + 19*f**2 + 27*f + 10. Let u(w) = 6*c(w) - 13*r(w). Is u(7) a prime number?
False
Let h be -3 + 3/(-2 + 3). Suppose h = -3*p - y + 551, -4*p + 0*y + 3*y + 726 = 0. Let w = p + 194. Is w a prime number?
False
Suppose -w + 4*d + 1131 = 0, 3*d = w + 2*w - 3357. Is w a composite number?
True
Let n = 1 + 2. Is (3 + -24)/n*(-2149)/7 a prime number?
False
Suppose -13 - 19 = -4*o + 4*q, 28 = 5*o + q. Is 397*(-6)/(o/(-5)) prime?
False
Is (-15)/(-15)*(-3)/(-3) - -78778 prime?
True
Let k(m) = 40*m**2 - 21*m - 35. Let z be k(10). Suppose 19083 - z = 16*g. Is g composite?
True
Let d(i) = -4*i - 2. Let a be d(-1). Let c = -26 + 29. Suppose c*x = 4*r - 782 + 136, a*r - 330 = -2*x. Is r composite?
False
Let r(z) = 16*z**2 + 12*z + 23. Is r(-14) prime?
False
Suppose -10087 = -3*w + 1412. Is w prime?
True
Let s = 246 - -551. Is s a composite number?
False
Let w(p) = -p**3 - 6*p - 6. Let f be w(-5). Let s = -1 + f. Suppose -z - z = -s. Is z a prime number?
False
Let q(i) = 57*i**2 - 4*i + 23. Is q(8) a composite number?
True
Suppose 0 = -4*p + 2*p - 2*o + 1442, -p + 4*o + 721 = 0. Let b = -337 + p. Suppose -4*f = -796 - b. Is f a prime number?
False
Is 7853 + -40 - -2*2 composite?
False
Suppose -554010 = -6*r + 4*r - u, 277015 = r + 3*u. Is r composite?
False
Let l be (-3)/(-15) + 1716/20. Suppose -l = -r - 3*s, -2*r - 37 = 2*s - 217. Suppose -v + r = k, 4*v - 186 = k - 3*k. Is k a prime number?
False
Suppose -8*x + 4*x - 28 = 0. Is (-1216)/(-6) - x/21 composite?
True
Let p(h) = 4092*h + 203. Is p(11) a composite number?
True
Let k = -11886 + 18947. Is k composite?
True
Let m(v) = -635*v + 350. Is m(-9) a prime number?
False
Let h = -8 + 12. Suppose -h*f = 4*q - 2712, -5*q = 2*f + f - 3392. Is q a composite number?
True
Let v = -38 - -33. Is (-2253)/v - 4/(-10) prime?
False
Let y be 10/(-15) - 159/(-9). Suppose -3*u - 5 = 2*o, 3*u + 0*u + y = 4*o. Is ((-1)/u)/(11/19371) a prime number?
True
Suppose 4*t = 4*u - 4464, 2*u + 2*t = -2*u + 4452. Is u composite?
True
Let h(y) = y**3 - 12*y**2 + 12*y - 6. Let p be h(11). Let m = 0 + 4. Suppose -u - 3*u = m*r - 916, -1136 = -p*r - 2*u. Is r composite?
True
Let b(d) = -34*d**3 + 17*d**2 + 132*d - 4. Is b(-9) a composite number?
False
Suppose 4*z + 8 = -2*k + 138, 2*z = 5*k - 277. Let x = -34 + k. Is x composite?
False
Suppose 51*s + 32490 - 703497 = 0. Is s composite?
True
Let q = -5765 - -8751. Is q prime?
False
Let q(f) = 48*f**2 - 3*f + 46. Is q(9) a composite number?
False
Let i(k) = k**2 + 3*k - 1. Let c be i(-5). Let o(h) = -66*h + 51. Let q(g) = -14*g + 10. Let t(x) = 5*o(x) - 24*q(x). Is t(c) a composite number?
True
Suppose -q + 3*z + 37363 = 0, -4*q - 7*z + 149434 = -10*z. Is q composite?
False
Suppose 0 = i + t - 4*t - 504, -5*t = -5*i + 2570. Suppose -a = 69 - i. Suppose 5*g = -2*z + 2243, -g - z + 2*z = -a. Is g composite?
False
Let n be 40/(-14) + (-5)/35. Is 856/(20/5) - n a prime number?
False
Let z(v) = -107*v**3 + 11*v**2 + 5*v + 12. Is z(-7) a composite number?
False
Suppose -21*j + 44219 = 8330. Is j composite?
False
Suppose 1879 = 5*n + 2*m + 238, 3*n + 4*m = 979. Let t be 4 - (1 + (-3)/3). Suppose v - 1316 = -t*g, -g = -2*v - 0*v - n. Is g prime?
False
Suppose 0 = 43*i - 961510 - 136495. Is i a composite number?
True
Let g(f) = -158*f - 113. Is g(-8) composite?
False
Let r be (-8)/(-1) - 2/(-2). Let w(j) = 6*j**2 + 9*j - 7. Let s be w(r). Suppose 2*x = s + 170. Is x a composite number?
True
Let t(x) = -x**3 + 4*x**2 + 12*x + 2. Let b be t(6). Is 314 - (11/(-55) - b/(-10)) a composite number?
True
Let x(l) be the second derivative of l**6/120 - l**5/60 - l**4/24 + l**3/6 + 2*l**2 - 4*l. Let q(u) be the first derivative of x(u). Is q(2) a composite number?
False
Let g(j) = 83*j**2 + 8*j - 42. Is g(-11) prime?
False
Suppose 2*t + 311 = t + y, -2*y - 8 = 0. Let j be ((-948)/9*4)/(8/(-12)). Let l = t + j. Is l prime?
True
Let h be -1*(2 + -1)*-113. Let d = 281 + h. Is d a prime number?
False
Is ((-161487)/(-6))/(-9)*(10 + -12) prime?
True
Let g(u) = -u**2 - 8*u - 8. Let d be g(-6). Suppose -1012 = d*h - 0*h. Let a = -2 - h. Is a composite?
False
Let v = 1783 - 998. Is v a composite number?
True
Suppose -27116 = 28*p - 32*p. Is p a composite number?
False
Let b = -1031 + 1739. Is 5/(2 - -3) + b a composite number?
False
Let s be ((-18)/(-21))/(-3) + (-2164)/(-28). Is s*((-8)/(-28) + 0) a composite number?
True
Suppose 50 + 148 = 4*d - 2*f, -d + 3*f = -57. Suppose -11*w - 5*w = -d. Is w a composite number?
False
Suppose -5*i = 5*q - 5, 3*i + 0*q = 2*q + 28. Let r(h) = 45*h**2 + 16*h - 13. Is r(i) composite?
True
Let m(z) = -2 + 2 - 12*z + 13 + 6 + 3*z**2. Is m(8) composite?
True
Let q = 164 - -106. Let f = -176 + q. Let d = f - -277. Is d a prime number?
False
Is 1/(-5) - (-187128)/40 a prime number?
False
Let a(k) = k**3 - 7*k**2 + 8*k - 9. Let n be a(6). Suppose 11 = -n*o - 4. Let h(m) = -2*m**3 - m**2 - 3*m - 5. Is h(o) composite?
True
Let s be 120/(-16)*8/(-10). Suppose -s*q = -2*q - 24. Suppose t + 35 = q*t. Is t prime?
True
Let t(n) = -5*n**3 - 6*n**2 + n + 4. Let a(z) = 9*z**3 + 11*z**2 - z - 8. Let d(u) = 4*a(u) + 7*t(u). Let l be d(3). Let h = l - -153. Is h a composite number?
True
Suppose -2*x + x = -2. Suppose 0 = d + 3*t - 313, 5*d + t - 1485 = x*t. Is d prime?
False
Let u = -447 - -819. Let b = 246 - u. Is 1/1 - b*3 composite?
False
Let t(g) = 9*g + 6. Let z be t(11). Let l = 22 + z. Is l a composite number?
False
Suppose 0*h + 180 = -2*h. Let u be (0 - 4) + h/(-9). Suppose -u*l + 4*l + 902 = 0. Is l a prime number?
False
Suppose 11*q - 47 = 63. Is (110/2)/(q/10) composite?
True
Let b = 8 + 0. Suppose -244 = -10*o + b*o. Let d = 279 - o. Is d composite?
False
Let d = 153 - -6881. Is d prime?
False
Let p(a) = -957*a**3 - a**2 - a. Let k be p(-1). Let x = k - 322. Is x a prime number?
False
Let p(w) = 7*w**2 + 24*w + 312. Is p(-57) a prime number?
False
Let d(j) = 1178*j**2 + 24*j + 47. Is d(-2) a composite number?
True
Is 11797 + -9 + 8 - -1 prime?
False
Let c = 19367 - 10210. Is c a prime number?
True
Is (-339910)/(-152) + (-3)/(-4) a prime number?
True
Suppose 4*d + 2*p - 26 = 0, -3*d - 2*p = -4*p - 9. Let i be 3 - (-5)/d*1. Suppose 2*k = i*k - 134. Is k prime?
True
Let o be 0/(2 - 4) - 8. Let m = o - -13. Let k(b) = 44*b + 15. Is k(m) a composite number?
True
Let p be 4/((-12)/1197) + 2. Let x = p - -574. Suppose -x = -7*b + 4*b. Is b prime?
True
Let b be 11 + -10 - (-3 - (1 - 2)). Suppose -6*s = -b*s - 2307. Is s prime?
True
Suppose j - 3*a + 8 = a, 0 = 5*a - 10. S